hat is 0 + 5 - (32 + -61 - -13)?
21
What is the value of 0 + 13 + -17 + 1?
-3
Evaluate (-10 - -23) + -2 + 0 + -7.
4
What is 2 - 5 - (-5 + 2) - 17?
-17
What is the value of -18 + (33 - (-18 - -15))?
18
What is -1 + 7 + (7 + -7 + 6 - -1)?
13
Evaluate -11 + 0 + 9 + -5 - -7.
0
(0 - -8) + 0 + (-110 - -22 - -70)
-10
3 - 12 - (-16 + 1)
6
Calculate 5 - (22 + -21 + (-14 - (4 - 6))).
16
What is the value of 1 - 27 - (-5 - (7 + -3 + -6))?
-23
What is -610 + 629 + (-5 - 2) + 2?
14
Evaluate 5 - (1 + 10 + -9).
3
Calculate 11 - (-19 - (37 - 85)).
-18
Evaluate -1435 + 1408 + (0 - -34).
7
Evaluate (-1 - (21 - (-8 + 13))) + 5.
-12
(-2 - (-4 - -5)) + 3
0
Evaluate -5 + -22 + 22 + 34 + -5 + 3.
27
What is the value of -8 - (-1 + -37 - -3)?
27
What is -9 + 4 + -3 + (1 - 0) - 3?
-10
What is 2 + (4 - 3) - (-9 - -7)?
5
Calculate -12 + (23 - -5) - 1.
15
What is the value of (-2 - -4) + -3 - ((26 - 12) + -14)?
-1
-2 + 3 + 4 - (-20 + (-12 - -22))
15
Calculate -367 + 352 + (-3 - -10).
-8
Calculate 9 - (-43 - (-5 - 15)) - 18.
14
What is -5936 + 5960 - (14 + 1 + 0)?
9
-752 + 758 - (-1 + 1 - (-29 + 1))
-22
What is -10 + 12 - (-9 + 6 + 0)?
5
Evaluate -25 - (-4 + (-8 - -12 - 13)).
-12
Evaluate (-9 - (-5 + -4)) + 5 + 4.
9
Evaluate -2 + (-2 - 6 - -3).
-7
Calculate 21 - (-19 + (-2 - -13) - -16).
13
What is the value of 4 - ((3 - 10) + (-37 - -37))?
11
What is -95 + 79 - (-20 + 0)?
4
Calculate ((-2 - 12) + -1 - (1 + -1)) + 6.
-9
Calculate 3 - (0 + 5) - (-45 + 42).
1
Calculate -18 - (3 + 17 - 49).
11
Evaluate 5 - (4 + -25 + -6 + 12).
20
Evaluate -3 + 5 + -3 + (-3 - -5).
1
What is the value of (-8 + 1 - (-254 + 258)) + (-1 - 2)?
-14
Evaluate 20 - 9 - 13 - (3 + 4).
-9
Calculate 38 - ((2 - 6) + 10 + -80 + 74).
38
Calculate -3 + (1 - (-8 + 4 - -3)).
-1
What is -1 + ((-14 - -17) + -3 - (0 + -3))?
2
What is -311 + 325 + (0 - 34)?
-20
Evaluate 0 + 0 + -7 - (1 + (1 - 7)).
-2
What is the value of -4 - -15 - (-26 - -37)?
0
What is -1 - -16 - (46 - 33 - 12)?
14
-22 + 2 + 7 + (2 - 10) + 2
-19
Evaluate 6 - (2 - ((30 - 23) + (-4 - 1))).
6
Evaluate -32 - (9 - 13) - -23.
-5
What is (-10 - 0 - 12) + 8?
-14
What is the value of 8 + (-4 + 12 - (0 - -7) - 15)?
-6
Evaluate -42 + 44 + (-29 - -1).
-26
What is 2 - (-10 + 3 + 33 - 12)?
-12
Calculate 19 - (30 - (-10 + 27)).
6
What is 26 + -48 + 20 + (3 - 20)?
-19
What is the value of -2 - (-11 - -3 - (-13 - 5))?
-12
48 - 27 - (30 - -5)
-14
Calculate (27 - 4) + (0 - -3) + -10.
16
Calculate 17 - (4 - 6 - (-6 - 2) - 3).
14
What is the value of (2 - (0 + -13)) + (-142 - -138) - -12?
23
Calculate -12 + -3 + (-7 - -21) + 9.
8
What is the value of 7 + -45 + 23 - 4?
-19
Calculate 1 + 4 + -3 + -6 + 11.
7
(-10 - 1) + (-25 - -47)
11
What is the value of (65 - 67 - (-1 + -1 - 18)) + -4?
14
Calculate 14 + 3 + 2 - (-12 - (-14 - 2)).
15
What is the value of (2 - -3) + (4 - 9 - (-4 - 1))?
5
Evaluate 5 + (5 - 1) + -1 + 2.
10
Evaluate -1 + -6 - (-14 - 2 - -2).
7
What is (57 - 26) + (-16 - 0)?
15
Evaluate -1 - 1 - (-8 + -9 + 10) - -23.
28
What is -4 + -5 + (-7 - -12) + -11?
-15
What is -8 + (-2 - 3) + -4 + 5?
-12
Calculate 6 + -18 - (-5 - 16).
9
Evaluate 11 - (35 - (15 - (46 - 18))).
-37
Calculate -6 + (38 - ((16 - (8 - 2)) + -4)).
26
Evaluate -5 - (9 - 11 - (-8 - 0)).
-11
What is (-5 - (26 + -21)) + 7 - (-32 + 0)?
29
What is the value of (-3 - -1) + 0 + -15 + 0 + 12?
-5
Evaluate (30 + -22 - -15) + -45.
-22
What is the value of 5 + (34 + -20 - 28)?
-9
What is the value of (15 + -16 - 14) + (44 - 0)?
29
What is the value of -21 - (45 - (-45 + 117))?
6
What is (9 - (1 + -5 - -12)) + (-2 - -1)?
0
Calculate 0 - (18 - 4 - -7).
-21
Evaluate -22 - (0 + -19 - 24).
21
What is the value of -22 + (2 - -1) + -1 - (38 + -47)?
-11
Calculate -2 - (7 + 5) - -10.
-4
Evaluate -15 + 84 + -12 + -25.
32
What is the value of 8 + 8 + -17 + 3 + 6?
8
What is -20 - -21 - (4 + -1) - (3 + 2)?
-7
Evaluate 5 + -2 + -7 + -10 + 5.
-9
Calculate -257 + 268 - (-4 + 2 - 0).
13
What is 13 - (2 - 1 - (293 - 310))?
-5
-7 - -4 - (0 - 4 - (6 - 4))
3
Calculate 2 - (19 + 14 + -25).
-6
Evaluate -5 - (-3 + (-14 - -4)) - (13 - 18).
13
What is the value of -9 + 4 + ((-1 - -18) + -1 - -3)?
14
Calculate (-17 - 0) + 807 + -811.
-21
Calculate 6 - (2 + 7 + -8 + 2 + -14).
17
What is the value of (2 - 0 - 6) + (-82 - -92) + -4?
2
Calculate -2 - (-4 - 1) - (-3 - -5 - -26).
-25
-4 + (1 + 12 - 7) + -12 + 1
-9
Evaluate (-23 - 2) + (0 - (1 - (2 + -3))).
-27
-42 + 65 + -42 + 2 + 29
12
Evaluate -2 + 5 - 4 - -1 - (-35 + 29).
6
Evaluate -6 + (-2 - (13 + -4)) - (-6 - 1).
-10
2 + -6 - (-3 + 4 + -13)
8
What is 0 - (9 + (-7 - -1))?
-3
What is -19 + 17 + (-16 - -16) - (9 + -1)?
-10
Calculate 21 - 32 - (-12 + 7 - -4).
-10
Calculate 0 - (6 + -3 - -9).
-12
Calculate 0 + (-30 - -38) - ((-6 - -4) + -4).
14
What is the value of 25 + -5 + -6 + -4 + -1?
9
What is the value of -12 + (34 - (19 - 3))?
6
-8 + (-5 - -9 - (3 + (4 - -6)))
-17
What is the value of -1 + -9 - (5 + -10 - -3)?
-8
13 - ((-16 - -12) + -3) - 15
5
What is the value of (-3 - 3 - (6 - 15)) + (-21 - -2)?
-16
Calculate -12 - (-5 + (-3 - 4) + (-49 - -61)).
-12
What is the value of (2 - -5) + 2 - (67 + -54)?
-4
Evaluate -4 + (18 - 10) - -9.
13
What is -10 - (15 + -7 - 3)?
-15
Evaluate 49 - ((-10 - -12) + 27).
20
-16 - (5 - 26) - (1 - 0 - -12)
-8
What is the value of 0 + (-7 - (3 - (1 + 10)))?
1
What is the value of -17 + (3 - -12) - -10?
8
-1 + (-7 + 12 - 10) - (-1 - 1)
-4
What is (31 - 23 - -18 - 2) + -1 + -2?
21
What is -11 + 1 - -16 - (0 + (39 - 2))?
-31
Calculate 8 + 2 + -3 + 10 + -25 - -19.
11
Evaluate 7 - 6 - 9 - (4 - 10).
-2
What is (7 - (4 - (-1 - 6))) + (0 - 24)?
-28
What is the value of -3 + 0 - (-57 - -53) - (-11 - 3)?
15
What is the value of -2 + 1 - -2 - 4 - (2 + 14)?
-19
What is (1 - 0) + -3 - (-33 + -21 + 51)?
1
Calculate 37 - (72 - 2) - ((4 - 2) + -10).
-25
Evaluate -40 + 24 + 8 - -17.
9
What is the value of 3 + -5 + (0 - -3) + 109 + -97?
13
What is the value of (9 - 0 - 14) + (4 - 3) + 5?
1
Calculate -6 + (9 + -12 - -12) + 8.
11
What is the value of 20 - (9 + -3) - 2?
12
What is -561 - -555 - (-2 - (-24 + 2))?
-26
10 - 3 - (2 - 4 - -14)
-5
Calculate -10 - 5 - (222 - 256).
19
0 + -6 + 0 - (-42 - (-68 - -24))
-8
What is 24 + -21 + -13 - (-33 + 2)?
21
What is 5 + (2 + -1 - (19 + -16)) + 1?
4
Evaluate -5 + 1 + 7 + -6 + (6 - 1).
2
What is 1 - (3 + 6 - 17) - 9?
0
Calculate 3 + (1 - 1 - (0 + 27 - 7)).
-17
12 + -29 - -10 - -13
6
Calculate (0 - 10 - -29) + -13.
6
What is -16 - (-14 - 0 - 1)?
-1
What is 2 - -8 - ((7 - 7) + 6)?
4
Evaluate -88 - -44 - (-31 - 4).
-9
What is the value of -26 + -1 - (-8 - (8 + (-10 - -2)))?
-19
Evaluate (8 - -1) + -2 + -4 - 16.
-13
Evaluate 149 + -131 + -3 + -32.
-17
What is (41 - 44) + (-12 - -6)?
-9
What is the value of -7 + (2 - 1) + (36 - 16 - 28)?
-14
Calculate 8 + (9 - (-4 - (-17 + -1))) - -15.
18
What is the value of (-467 - -475) + (2 - 46)?
-36
What is (12 - -1) + (1 - 9) + 4?
9
What is 6 - (-2 - (-14 - (6 + -2)))?
-10
Calculate 22 + 5 + -1 + -17.
9
What is 13 + (-20 - -2) + 10 + -4 + 14?
15
Evaluate 1 + (3 - 2) + (-2 + -8 - -6).
-2
Calculate 0 - (-76 + 90 - (3 + 0)).
-11
What is (10 - (-18 - -5)) + (1 - 11)?
13
What is the value of (-11 - -18) + -40 + 34?
1
What is the value of 29 + (-22 - -8) - (57 + -15)?
-27
What is (-16 - (23 - 10)) + 7 + 5?
-17
Calculate -38 + (26 - 0) + -127 + 109.
-30
What is the value of 21 - (-21 + 17 - -10)?
15
Calculate (2 - (0 - 1)) + (-1 + -5 - -3).
0
-1 + -14 - (-109 - -87)
7
What is (0 - (-19 - -40)) + -3?
-24
What is 11 - (-9 - -10) - 8?
2
Calculate 0 + 1 - -17 - (12 - 13 - -7).
12
Calculate 4 + -40 - (-86 - -67).
-17
Calculate 12 + (24 + -19 - 18).
-1
Evaluate -4 - (-29 + 15) - (4 - (0 + 2)).
8
Evaluate -25 + 27 + -9 + 18.
11
Calculate (-1 + 2 - 0 - -6) + (5 - 8).
4
What is 0 + (-1 - 33) + 47 + (1 - 47)?
-33
What is (-1 - 0) + 1 + (47 - 62)?
-15
What is 56 - (20 + (28 - 19))?
27
(6 + 20 - -4) + -69 + 68
29
-21 - -23 - (-4 + 3) - (0 - -2)
1
What is the value of 8 + (3 + 4 - (11 - 9))?
13
What is the value of 1025 - 1037 - (0 + 9 + 1)?
-22
What is -7 + 10 + (-3 - (-2 - 2)) - -4?
8
Evaluate (4 + 8 - -11) + -40.
-17
What is the value of -7 - (-6 + 3 + 2)?
-6
-1 + (-4 - (2 - 2) - (-3 - -3))
-5
(11 - 0) + 7 + (33 - 38)
13
What is the value of -22 + 18 + (4 - (6 - 3))?
-3
What is the value of (21 - (15 + -4)) + -